rue
Does 71 divide 174485056?
True
Is 346704713 a multiple of 888?
False
Is 7803 a factor of 278628857?
False
Is 215229541 a multiple of 16?
False
Does 17 divide 828306045?
True
Does 24 divide 1433303232?
True
Is 91 a factor of 1107501031?
True
Is 590854280 a multiple of 205?
True
Is 4153 a factor of 215521946?
False
Is 1882 a factor of 60878772?
False
Does 2284 divide 89365706?
False
Is 339 a factor of 146811192?
False
Is 737 a factor of 104952485?
True
Is 166 a factor of 426547917?
False
Is 40684435 a multiple of 605?
True
Is 1047 a factor of 123124059?
True
Is 6536775 a multiple of 7?
True
Does 219 divide 22818267?
True
Is 928664622 a multiple of 167?
True
Is 60263082 a multiple of 138?
True
Is 79120822 a multiple of 11?
True
Is 6 a factor of 707989968?
True
Is 9 a factor of 8256562?
False
Does 13 divide 750236149?
True
Is 79318748 a multiple of 15?
False
Is 834872280 a multiple of 55?
True
Is 184623645 a multiple of 15?
True
Does 306 divide 21340243?
False
Does 190 divide 131834314?
False
Does 19 divide 333325949?
True
Does 112 divide 112111776?
True
Does 8 divide 639215072?
True
Does 198 divide 447452874?
True
Does 350 divide 89209750?
True
Is 47151170 a multiple of 5690?
False
Is 1198083475 a multiple of 19?
True
Is 7 a factor of 84410873?
False
Is 9 a factor of 79154190?
True
Is 3 a factor of 36456465?
True
Is 17 a factor of 774444877?
True
Is 213 a factor of 62196555?
False
Is 494556931 a multiple of 1243?
False
Is 279 a factor of 63106034?
False
Does 153 divide 93299400?
True
Is 465 a factor of 25988868?
False
Is 9 a factor of 106615368?
True
Does 22 divide 2154268204?
True
Does 709 divide 47085399?
True
Is 140 a factor of 675499965?
False
Does 725 divide 231954325?
True
Does 2728 divide 104520684?
False
Does 940 divide 15102165?
False
Is 328650 a multiple of 175?
True
Is 2448955790 a multiple of 10?
True
Is 178533359 a multiple of 207?
False
Is 90 a factor of 26821878?
False
Is 218558730 a multiple of 26?
True
Is 29 a factor of 49722994?
True
Is 23977744 a multiple of 8?
True
Is 804 a factor of 234934428?
True
Is 29 a factor of 42893117?
True
Is 29544814 a multiple of 11?
False
Is 3153926688 a multiple of 132?
True
Is 112752440 a multiple of 920?
True
Does 97 divide 207154475?
False
Is 586 a factor of 19568298?
True
Is 49 a factor of 283088481?
False
Is 76334803 a multiple of 2112?
False
Is 3304895508 a multiple of 18?
True
Is 1140536107 a multiple of 2758?
False
Is 701244932 a multiple of 76?
True
Does 13 divide 745080314?
False
Does 7 divide 27517684?
False
Is 50647220 a multiple of 67?
False
Does 52 divide 2742168?
True
Is 23 a factor of 1400368507?
False
Is 388 a factor of 26224920?
True
Does 314 divide 60522244?
True
Is 47316365 a multiple of 284?
False
Does 5 divide 15798892?
False
Is 64 a factor of 109443968?
True
Is 254320062 a multiple of 127?
False
Is 84260290 a multiple of 3019?
True
Is 415 a factor of 859973768?
False
Is 286415540 a multiple of 1838?
True
Does 453 divide 7391148?
True
Is 6 a factor of 714088?
False
Is 756812752 a multiple of 9684?
False
Is 25 a factor of 10934392?
False
Is 3617080 a multiple of 8?
True
Is 5 a factor of 212109360?
True
Does 72 divide 2324548746?
False
Is 493657 a multiple of 36?
False
Does 127 divide 40530891?
False
Is 65060714 a multiple of 901?
False
Does 55 divide 1602248560?
True
Is 433 a factor of 16513321?
True
Is 263767383 a multiple of 29?
True
Does 5936 divide 90010038?
False
Is 1272 a factor of 30437958?
False
Is 290305969 a multiple of 19?
False
Does 7 divide 5602014?
False
Is 37 a factor of 580942531?
False
Is 4118551605 a multiple of 315?
True
Is 27307776 a multiple of 248?
True
Does 71 divide 335458913?
False
Does 95 divide 69357984?
False
Is 33 a factor of 145929250?
False
Is 34 a factor of 35864513?
False
Does 12 divide 24326232?
True
Is 63 a factor of 762552?
True
Is 1682171717 a multiple of 81?
False
Is 69377000 a multiple of 1700?
True
Is 4 a factor of 4007380?
True
Does 2443 divide 26285416?
False
Does 71 divide 27702425?
True
Is 24141305 a multiple of 285?
False
Is 176172260 a multiple of 4?
True
Is 1258 a factor of 5273874?
False
Is 7250 a factor of 613379000?
True
Does 165 divide 24318179?
False
Is 1572 a factor of 1598701992?
True
Is 39 a factor of 77404743?
True
Is 51256322 a multiple of 65?
False
Is 2116944291 a multiple of 231?
True
Is 68 a factor of 554769570?
False
Does 5 divide 567331205?
True
Does 304 divide 64192880?
False
Is 23258467 a multiple of 13?
False
Is 46 a factor of 29155179?
False
Is 3229 a factor of 13377747?
True
Does 49 divide 2444278760?
True
Is 1218 a factor of 39909441?
False
Is 8414414 a multiple of 214?
False
Is 9746 a factor of 5923417235?
False
Does 23 divide 6500853331?
True
Is 15 a factor of 31503935?
False
Does 21 divide 316368906?
True
Is 138 a factor of 4062331?
False
Is 358358115 a multiple of 3?
True
Does 318 divide 13505996?
False
Is 23 a factor of 150280988?
True
Is 809 a factor of 22618009?
False
Is 146067976 a multiple of 2685?
False
Is 537 a factor of 322376136?
True
Is 184 a factor of 6964309?
False
Is 137673349 a multiple of 381?
False
Does 35 divide 68049323?
False
Is 16 a factor of 261584745?
False
Is 11445521 a multiple of 25?
False
Is 1614835716 a multiple of 156?
True
Is 584 a factor of 806407445?
False
Does 28 divide 143193464?
False
Is 91403170 a multiple of 290?
False
Does 80 divide 30750320?
True
Is 189620 a multiple of 21?
False
Is 1416 a factor of 89158629?
False
Does 90 divide 2418536806?
False
Does 2105 divide 578115783?
False
Does 1520 divide 492597040?
True
Is 262206790 a multiple of 68?
False
Does 488 divide 4930752?
True
Does 1996 divide 97382907?
False
Is 38504214 a multiple of 46?
False
Is 251 a factor of 104589578?
False
Is 75742497 a multiple of 153?
True
Is 211 a factor of 2225628?
True
Is 633810226 a multiple of 14?
True
Does 485 divide 611432124?
False
Is 12962212 a multiple of 1045?
False
Is 179 a factor of 225985898?
False
Is 7 a factor of 141813700?
True
Is 3562495185 a multiple of 3327?
False
Does 11 divide 331644?
False
Does 164 divide 4422659340?
True
Does 6 divide 380160924?
True
Does 19 divide 32586934?
False
Is 545552768 a multiple of 214?
True
Is 163662523 a multiple of 19?
True
Is 8 a factor of 812006837?
False
Is 1466040800 a multiple of 56?
True
Is 4734 a factor of 356366052?
True
Does 1019 divide 53358916?
True
Is 1721167175 a multiple of 455?
True
Does 162 divide 5097978?
True
Does 4627 divide 1480687687?
False
Does 3123 divide 463003488?
True
Is 364 a factor of 3233032658?
False
Is 72 a factor of 76858740?
False
Does 31 divide 10707865?
True
Is 3515 a factor of 25456263?
False
Is 180 a factor of 138894660?
True
Is 151938864 a multiple of 6248?
True
Is 351 a factor of 867604959?
True
Is 52 a factor of 245811748?
True
Does 5 divide 663132270?
True
Is 12168424 a multiple of 10?
False
Is 112032363 a multiple of 25?
False
Does 452 divide 40826900?
True
Is 517242010 a multiple of 1369?
False
Is 1479 a factor of 520988103?
True
Is 1329727798 a multiple of 50?
False
Does 37 divide 834643928?
True
Does 45 divide 5887392?
False
Does 71 divide 2505913263?
True
Is 21010210 a multiple of 26?
True
Does 31 divide 1715033?
False
Does 16 divide 10769642?
False
Is 671 a factor of 5117717?
True
Is 64349813 a multiple of 337?
True
Is 387526330 a multiple of 269?
False
Is 1248 a factor of 155690496?
True
Is 51 a factor of 11986020?
True
Does 18 divide 5106042?
True
Is 498 a factor of 68658949?
False
Is 101862499 a multiple of 3?
False
Is 79 a factor of 1558986?
True
Is 31162618 a multiple of 223?
False
Does 10 divide 28026?
False
Does 12 divide 656430708?
True
Is 15700986 a multiple of 657?
True
Is 5569 a factor of 96033571?
False
Is 752 a factor of 59320435?
False
Is 85 a factor of 568701126?
False
Is 425690912 a multiple of 1006?
True
Is 177 a factor of 702434943?
True
Is 9 a factor of 11352985?
False
Is 19 a factor of 95114361?
True
Is 729716208 a multiple of 13?
True
Is 7 a factor of 13885116?
True
Is 5774715 a multiple of 2?
False
Is 119 a factor of 23000393?
False
Is 275 a factor of 2030006825?
True
Is 90 a factor of 479203348?
False
Is 30 a factor of 65865450?
True
Is 153685462 a multiple of 49?
True
Is 45495337 a multiple of 15?
False
Is 43885956 a multiple of 93?
True
Does 13 divide 48095534